{"id":392,"date":"2018-07-26T07:17:24","date_gmt":"2018-07-26T07:17:24","guid":{"rendered":"http:\/\/localhost\/stylemix\/lms-white\/?page_id=392"},"modified":"2025-12-04T13:05:46","modified_gmt":"2025-12-04T12:05:46","slug":"about-us","status":"publish","type":"page","link":"https:\/\/www.istitutolaprimavera.it\/academy\/about-us\/","title":{"rendered":"Chi siamo"},"content":{"rendered":"\t\t<div data-elementor-type=\"wp-page\" data-elementor-id=\"392\" class=\"elementor elementor-392\" data-elementor-post-type=\"page\">\n\t\t\t\t\t\t<section class=\"elementor-section elementor-top-section elementor-element elementor-element-412ebd7 elementor-section-boxed elementor-section-height-default elementor-section-height-default\" data-id=\"412ebd7\" data-element_type=\"section\">\n\t\t\t\t\t\t<div class=\"elementor-container elementor-column-gap-default\">\n\t\t\t\t\t<div class=\"elementor-column elementor-col-50 elementor-top-column elementor-element elementor-element-254be64\" data-id=\"254be64\" data-element_type=\"column\">\n\t\t\t<div class=\"elementor-widget-wrap elementor-element-populated\">\n\t\t\t\t\t\t<div class=\"elementor-element elementor-element-0525cdd elementor-widget elementor-widget-heading\" data-id=\"0525cdd\" data-element_type=\"widget\" data-widget_type=\"heading.default\">\n\t\t\t\t<div class=\"elementor-widget-container\">\n\t\t\t\t\t<div class=\"elementor-heading-title elementor-size-default\">Noi Siamo Crescita: Dalle Aule ai Bit.<\/div>\t\t\t\t<\/div>\n\t\t\t\t<\/div>\n\t\t\t\t<div class=\"elementor-element elementor-element-2151e65 elementor-widget elementor-widget-text-editor\" data-id=\"2151e65\" data-element_type=\"widget\" data-widget_type=\"text-editor.default\">\n\t\t\t\t<div class=\"elementor-widget-container\">\n\t\t\t\t\t\t\t\t\t<p data-path-to-node=\"29,0\">Siamo nati come <b>Scuola per l&#8217;Infanzia<\/b>, radicando la nostra esperienza nell&#8217;osservazione quotidiana dei processi di apprendimento e sviluppo pi\u00f9 autentici. Questa base, solida e profondamente umana, ci ha insegnato un valore fondamentale: la <b>formazione \u00e8 un processo continuo<\/b> che non si ferma mai, n\u00e9 con la fine della scuola, n\u00e9 con l&#8217;inizio di una carriera.<\/p>\n<p data-path-to-node=\"29,1\">\u00c8 da questa consapevolezza che nasce il nostro <b>Polo Formativo LMS<\/b>. Non solo una piattaforma, ma un ponte che collega la sensibilit\u00e0 e la metodologia dell&#8217;educazione primaria con le esigenze concrete e professionali del mondo adulto.<\/p>\n\t\t\t\t\t\t\t\t<\/div>\n\t\t\t\t<\/div>\n\t\t\t\t\t<\/div>\n\t\t<\/div>\n\t\t\t\t<div class=\"elementor-column elementor-col-50 elementor-top-column elementor-element elementor-element-f7a8d37\" data-id=\"f7a8d37\" data-element_type=\"column\">\n\t\t\t<div class=\"elementor-widget-wrap elementor-element-populated\">\n\t\t\t\t\t\t<div class=\"elementor-element elementor-element-43c4018 elementor-widget elementor-widget-image\" data-id=\"43c4018\" data-element_type=\"widget\" data-widget_type=\"image.default\">\n\t\t\t\t<div class=\"elementor-widget-container\">\n\t\t\t\t\t\t\t\t\t\t\t\t\t\t\t<img fetchpriority=\"high\" decoding=\"async\" width=\"1024\" height=\"838\" src=\"https:\/\/www.istitutolaprimavera.it\/academy\/wp-content\/uploads\/2025\/12\/corsi-prima-2-1024x838.jpg\" class=\"attachment-large size-large wp-image-50084\" alt=\"\" srcset=\"https:\/\/www.istitutolaprimavera.it\/academy\/wp-content\/uploads\/2025\/12\/corsi-prima-2-1024x838.jpg 1024w, https:\/\/www.istitutolaprimavera.it\/academy\/wp-content\/uploads\/2025\/12\/corsi-prima-2-300x246.jpg 300w, https:\/\/www.istitutolaprimavera.it\/academy\/wp-content\/uploads\/2025\/12\/corsi-prima-2-768x629.jpg 768w, https:\/\/www.istitutolaprimavera.it\/academy\/wp-content\/uploads\/2025\/12\/corsi-prima-2-600x491.jpg 600w, https:\/\/www.istitutolaprimavera.it\/academy\/wp-content\/uploads\/2025\/12\/corsi-prima-2.jpg 1195w\" sizes=\"(max-width: 1024px) 100vw, 1024px\" \/>\t\t\t\t\t\t\t\t\t\t\t\t\t\t\t<\/div>\n\t\t\t\t<\/div>\n\t\t\t\t\t<\/div>\n\t\t<\/div>\n\t\t\t\t\t<\/div>\n\t\t<\/section>\n\t\t\t\t<section class=\"elementor-section elementor-top-section elementor-element elementor-element-e3f9f46 elementor-section-boxed elementor-section-height-default elementor-section-height-default\" data-id=\"e3f9f46\" data-element_type=\"section\">\n\t\t\t\t\t\t<div class=\"elementor-container elementor-column-gap-default\">\n\t\t\t\t\t<div class=\"elementor-column elementor-col-100 elementor-top-column elementor-element elementor-element-bf2910d\" data-id=\"bf2910d\" data-element_type=\"column\">\n\t\t\t<div class=\"elementor-widget-wrap elementor-element-populated\">\n\t\t\t\t\t\t<div class=\"elementor-element elementor-element-244076f elementor-widget elementor-widget-heading\" data-id=\"244076f\" data-element_type=\"widget\" data-widget_type=\"heading.default\">\n\t\t\t\t<div class=\"elementor-widget-container\">\n\t\t\t\t\t<div class=\"elementor-heading-title elementor-size-default\">La Nostra Missione (Il Perch\u00e9 Facciamo Ci\u00f2 che Facciamo)<\/div>\t\t\t\t<\/div>\n\t\t\t\t<\/div>\n\t\t\t\t<div class=\"elementor-element elementor-element-7c6167c elementor-widget elementor-widget-text-editor\" data-id=\"7c6167c\" data-element_type=\"widget\" data-widget_type=\"text-editor.default\">\n\t\t\t\t<div class=\"elementor-widget-container\">\n\t\t\t\t\t\t\t\t\t<p data-path-to-node=\"34,0\">La nostra missione \u00e8 fornire strumenti di apprendimento che non siano solo nozionistici, ma che promuovano un <b>cambiamento reale e duraturo<\/b>.<\/p>\n<ul data-path-to-node=\"34,1\">\n<li>\n<p data-path-to-node=\"34,1,0,0\"><b>Per l&#8217;Infanzia:<\/b> Vogliamo elevare la qualit\u00e0 delle competenze di chi lavora o vive a contatto con i bambini, attraverso la pedagogia pi\u00f9 avanzata.<\/p>\n<\/li>\n<li>\n<p data-path-to-node=\"34,1,1,0\"><b>Per gli Adulti:<\/b> Offriamo percorsi multidisciplinari (dal management alle soft skills, dalla didattica all&#8217;innovazione) costruiti con lo stesso rigore e l&#8217;attenzione al dettaglio che usiamo per i nostri piccoli allievi.<\/p>\n<\/li>\n<\/ul>\n<p data-path-to-node=\"34,2\"><b>Crediamo che l&#8217;abilit\u00e0 di insegnare sia intimamente legata all&#8217;abilit\u00e0 di <i>imparare<\/i>, sempre.<\/b><\/p>\n\t\t\t\t\t\t\t\t<\/div>\n\t\t\t\t<\/div>\n\t\t\t\t<div class=\"elementor-element elementor-element-1ac021c elementor-widget elementor-widget-text-editor\" data-id=\"1ac021c\" data-element_type=\"widget\" data-widget_type=\"text-editor.default\">\n\t\t\t\t<div class=\"elementor-widget-container\">\n\t\t\t\t\t\t\t\t\t<h3 data-path-to-node=\"35\">I Nostri Valori Fondamentali<\/h3>\n<ul data-path-to-node=\"36\">\n<li>\n<p data-path-to-node=\"36,0,0\"><b>Empatia e Metodo:<\/b> Trasferiamo l&#8217;empatia dell&#8217;educazione infantile in un metodo di insegnamento per adulti che sia chiaro, inclusivo ed efficace.<\/p>\n<\/li>\n<li>\n<p data-path-to-node=\"36,1,0\"><b>Esperienza sul Campo:<\/b> I nostri corsi sono sempre aggiornati e basati sulla realt\u00e0 operativa, non solo sulla teoria.<\/p>\n<\/li>\n<li>\n<p data-path-to-node=\"36,2,0\"><b>Accessibilit\u00e0:<\/b> Rendiamo la formazione di qualit\u00e0 disponibile attraverso corsi gratuiti, a pagamento e piani di abbonamento flessibili.<\/p>\n<\/li>\n<\/ul>\n\t\t\t\t\t\t\t\t<\/div>\n\t\t\t\t<\/div>\n\t\t\t\t<div class=\"elementor-element elementor-element-56e5c5b elementor-widget-divider--view-line elementor-widget elementor-widget-divider\" data-id=\"56e5c5b\" data-element_type=\"widget\" data-widget_type=\"divider.default\">\n\t\t\t\t<div class=\"elementor-widget-container\">\n\t\t\t\t\t\t\t<div class=\"elementor-divider\">\n\t\t\t<span class=\"elementor-divider-separator\">\n\t\t\t\t\t\t<\/span>\n\t\t<\/div>\n\t\t\t\t\t\t<\/div>\n\t\t\t\t<\/div>\n\t\t\t\t<div class=\"elementor-element elementor-element-62602d5 elementor-widget elementor-widget-heading\" data-id=\"62602d5\" data-element_type=\"widget\" data-widget_type=\"heading.default\">\n\t\t\t\t<div class=\"elementor-widget-container\">\n\t\t\t\t\t<h2 class=\"elementor-heading-title elementor-size-default\">Scegliere noi significa affidarsi a un'istituzione che conosce la vera essenza dell'apprendimento: il continuo desiderio di scoprire e migliorarsi.\n\nSiete pronti a crescere con noi?<\/h2>\t\t\t\t<\/div>\n\t\t\t\t<\/div>\n\t\t\t\t<div class=\"elementor-element elementor-element-0c2cf83 elementor-widget-divider--view-line elementor-widget elementor-widget-divider\" data-id=\"0c2cf83\" data-element_type=\"widget\" data-widget_type=\"divider.default\">\n\t\t\t\t<div class=\"elementor-widget-container\">\n\t\t\t\t\t\t\t<div class=\"elementor-divider\">\n\t\t\t<span class=\"elementor-divider-separator\">\n\t\t\t\t\t\t<\/span>\n\t\t<\/div>\n\t\t\t\t\t\t<\/div>\n\t\t\t\t<\/div>\n\t\t\t\t\t<\/div>\n\t\t<\/div>\n\t\t\t\t\t<\/div>\n\t\t<\/section>\n\t\t\t\t<section class=\"elementor-section elementor-top-section elementor-element elementor-element-9e72a45 elementor-section-boxed elementor-section-height-default elementor-section-height-default\" data-id=\"9e72a45\" data-element_type=\"section\">\n\t\t\t\t\t\t<div class=\"elementor-container elementor-column-gap-default\">\n\t\t\t\t\t<div class=\"elementor-column elementor-col-50 elementor-top-column elementor-element elementor-element-3512342\" data-id=\"3512342\" data-element_type=\"column\">\n\t\t\t<div class=\"elementor-widget-wrap\">\n\t\t\t\t\t\t\t<\/div>\n\t\t<\/div>\n\t\t\t\t<div class=\"elementor-column elementor-col-50 elementor-top-column elementor-element elementor-element-8c5aa4d\" data-id=\"8c5aa4d\" data-element_type=\"column\">\n\t\t\t<div class=\"elementor-widget-wrap\">\n\t\t\t\t\t\t\t<\/div>\n\t\t<\/div>\n\t\t\t\t\t<\/div>\n\t\t<\/section>\n\t\t\t\t<\/div>\n\t\t","protected":false},"excerpt":{"rendered":"<p>Noi Siamo Crescita: Dalle Aule ai Bit. Siamo nati come Scuola per l&#8217;Infanzia, radicando la nostra esperienza nell&#8217;osservazione quotidiana dei processi di apprendimento e sviluppo pi\u00f9 autentici. Questa base, solida e profondamente umana, ci ha insegnato un valore fondamentale: la formazione \u00e8 un processo continuo che non si ferma mai, n\u00e9 con la fine della [&hellip;]<\/p>\n","protected":false},"author":1,"featured_media":0,"parent":0,"menu_order":0,"comment_status":"closed","ping_status":"closed","template":"","meta":{"pmpro_default_level":"","footnotes":""},"class_list":["post-392","page","type-page","status-publish","hentry","pmpro-has-access"],"_links":{"self":[{"href":"https:\/\/www.istitutolaprimavera.it\/academy\/wp-json\/wp\/v2\/pages\/392","targetHints":{"allow":["GET"]}}],"collection":[{"href":"https:\/\/www.istitutolaprimavera.it\/academy\/wp-json\/wp\/v2\/pages"}],"about":[{"href":"https:\/\/www.istitutolaprimavera.it\/academy\/wp-json\/wp\/v2\/types\/page"}],"author":[{"embeddable":true,"href":"https:\/\/www.istitutolaprimavera.it\/academy\/wp-json\/wp\/v2\/users\/1"}],"replies":[{"embeddable":true,"href":"https:\/\/www.istitutolaprimavera.it\/academy\/wp-json\/wp\/v2\/comments?post=392"}],"version-history":[{"count":4,"href":"https:\/\/www.istitutolaprimavera.it\/academy\/wp-json\/wp\/v2\/pages\/392\/revisions"}],"predecessor-version":[{"id":50087,"href":"https:\/\/www.istitutolaprimavera.it\/academy\/wp-json\/wp\/v2\/pages\/392\/revisions\/50087"}],"wp:attachment":[{"href":"https:\/\/www.istitutolaprimavera.it\/academy\/wp-json\/wp\/v2\/media?parent=392"}],"curies":[{"name":"wp","href":"https:\/\/api.w.org\/{rel}","templated":true}]}}